
Does 161 divide 840082222?
True
Is 115088207 a multiple of 111?
False
Is 5 a factor of 24001117?
False
Does 3 divide 290932564?
False
Does 113 divide 186703120?
True
Is 3214 a factor of 3736647824?
True
Is 48335972 a multiple of 3?
False
Is 73 a factor of 296781646?
True
Does 10411 divide 4730685523?
True
Is 46798476 a multiple of 318?
False
Does 125 divide 945572073?
False
Is 1963152 a multiple of 686?
False
Is 4479812 a multiple of 4?
True
Is 491817594 a multiple of 2014?
False
Is 33 a factor of 43600098?
False
Is 301 a factor of 12434310?
True
Is 171 a factor of 1036234692?
True
Does 32 divide 25362176?
True
Is 1325 a factor of 136960328?
False
Does 3 divide 4974?
True
Is 3272 a factor of 1590113472?
True
Does 1750 divide 1856011996?
False
Is 10910397 a multiple of 6?
False
Is 12 a factor of 4006438?
False
Does 129 divide 230767585?
False
Is 38675676 a multiple of 12?
True
Is 100913232 a multiple of 2796?
True
Does 3259 divide 222980780?
True
Is 121962989 a multiple of 3127?
False
Is 132 a factor of 345931212?
True
Does 116 divide 1067470086?
False
Is 303936204 a multiple of 286?
True
Is 105866708 a multiple of 2?
True
Is 457 a factor of 25756520?
True
Does 5 divide 1359120?
True
Is 56609168 a multiple of 16?
True
Is 42 a factor of 179655145?
False
Does 32 divide 23342400?
True
Does 3 divide 24733527?
True
Does 27 divide 612365437?
False
Is 1552724755 a multiple of 2099?
True
Is 89 a factor of 165366361?
True
Is 6 a factor of 1034109?
False
Does 4268 divide 3778129481?
False
Does 10 divide 34143216?
False
Is 33859392 a multiple of 1176?
True
Does 326 divide 458831960?
True
Is 123 a factor of 1182337131?
True
Is 1888 a factor of 371834401?
False
Is 145022954 a multiple of 2?
True
Does 53 divide 17281445?
True
Is 12 a factor of 53775250?
False
Is 344 a factor of 31767353?
False
Is 138911338 a multiple of 17?
False
Is 44272284 a multiple of 516?
True
Does 3405 divide 3046008277?
False
Is 175360773 a multiple of 4?
False
Is 21752555 a multiple of 67?
True
Is 11 a factor of 1098778533?
False
Is 713 a factor of 98304875?
True
Is 3 a factor of 57618735?
True
Does 808 divide 10043893?
False
Is 7 a factor of 120286017?
False
Does 39 divide 65747175?
True
Does 11293 divide 2996815930?
False
Is 11 a factor of 232497694?
True
Is 69 a factor of 592387736?
False
Is 85 a factor of 14506321?
False
Is 1726 a factor of 21728330?
False
Is 16 a factor of 2340146384?
True
Does 35 divide 20208750?
False
Does 34 divide 892889583?
False
Is 1126653941 a multiple of 5?
False
Does 2700 divide 341263800?
True
Is 31 a factor of 578769876?
True
Does 1145 divide 116659470?
True
Does 215 divide 162030665?
True
Is 52 a factor of 90764697?
False
Is 5076418 a multiple of 3556?
False
Does 164 divide 32063066?
False
Is 35498320 a multiple of 210?
False
Is 340616878 a multiple of 1721?
True
Is 803753374 a multiple of 52?
False
Is 154 a factor of 413951090?
False
Does 671 divide 43892561?
False
Is 415431545 a multiple of 11?
False
Does 3 divide 226374214?
False
Does 31 divide 24186045?
True
Is 11 a factor of 771353077?
True
Is 11 a factor of 18081189?
False
Does 1409 divide 19778476?
False
Does 8 divide 36832886?
False
Does 12 divide 1772993323?
False
Is 3201 a factor of 58695141?
False
Does 121 divide 176078546?
False
Does 4 divide 108976594?
False
Is 44662050 a multiple of 225?
True
Does 26 divide 1037152?
False
Is 331 a factor of 85678026?
True
Does 19 divide 146178362?
True
Does 663 divide 36265370?
False
Is 2312 a factor of 39928199?
False
Does 17 divide 31856878?
True
Is 62 a factor of 418969650?
True
Does 16 divide 14119860?
False
Does 157 divide 431012257?
True
Does 1227 divide 1248600108?
True
Is 45 a factor of 61747200?
True
Is 267 a factor of 24738709?
False
Is 169 a factor of 124707281?
False
Is 596 a factor of 10424636?
True
Is 2023835 a multiple of 14?
False
Is 1494978958 a multiple of 121?
True
Does 31 divide 32507244?
False
Does 6 divide 1523338?
False
Is 397062901 a multiple of 244?
False
Is 38591187 a multiple of 343?
False
Does 3687 divide 1494367295?
False
Is 53340506 a multiple of 7?
False
Is 56540562 a multiple of 39?
True
Is 310510787 a multiple of 437?
True
Is 59 a factor of 44102972?
True
Does 448 divide 13985635?
False
Is 652957 a multiple of 96?
False
Does 460 divide 376431800?
True
Is 160222868 a multiple of 219?
False
Is 257914692 a multiple of 12?
True
Is 12 a factor of 51175488?
True
Is 141398843 a multiple of 36?
False
Does 4578 divide 2696736370?
False
Is 66431900 a multiple of 89?
False
Is 7 a factor of 236147642?
False
Does 1066 divide 562211390?
False
Is 482 a factor of 916245957?
False
Is 27878295 a multiple of 66?
False
Is 41 a factor of 635735599?
False
Is 30 a factor of 39968985?
False
Does 15 divide 327693165?
True
Is 383 a factor of 32887061?
True
Is 155543364 a multiple of 369?
False
Does 100 divide 502488906?
False
Is 26 a factor of 570179350?
True
Is 59 a factor of 98816595?
False
Is 3934476 a multiple of 254?
False
Is 33349474 a multiple of 8?
False
Is 24 a factor of 303245064?
True
Is 777 a factor of 880177053?
True
Does 1228 divide 686039329?
False
Does 113 divide 33463029?
True
Is 7 a factor of 5676727?
True
Is 635958180 a multiple of 1287?
True
Is 3032 a factor of 53426312?
False
Is 908567371 a multiple of 99?
False
Is 163 a factor of 1007352619?
False
Is 40 a factor of 302464040?
True
Is 10 a factor of 1324277378?
False
Is 10381065 a multiple of 65?
False
Is 3470834 a multiple of 20?
False
Is 26707999 a multiple of 80?
False
Is 307248708 a multiple of 1842?
False
Is 31 a factor of 25621083?
False
Does 104 divide 13675376?
True
Does 40 divide 1224927750?
False
Is 94303212 a multiple of 12?
True
Does 66 divide 2650501666?
False
Is 16 a factor of 2676146656?
True
Is 733126988 a multiple of 48?
False
Is 28509918 a multiple of 572?
False
Is 7991 a factor of 3476863287?
False
Is 1137 a factor of 622623474?
True
Is 245364300 a multiple of 50?
True
Is 9 a factor of 273035412?
True
Is 81 a factor of 86420196?
True
Is 1194 a factor of 60408042?
True
Does 18 divide 1436135?
False
Is 699 a factor of 1153979799?
True
Is 65475481 a multiple of 10?
False
Is 3092 a factor of 9245080?
True
Does 3 divide 13171473?
True
Is 740384284 a multiple of 284?
False
Is 115782808 a multiple of 19?
True
Does 146 divide 158904356?
True
Does 6 divide 320262912?
True
Is 186 a factor of 3635927814?
True
Is 65 a factor of 52734240?
True
Is 8 a factor of 97730436?
False
Is 4127342128 a multiple of 49?
True
Is 1872743317 a multiple of 437?
False
Does 25 divide 50538763?
False
Is 10364 a factor of 124533824?
True
Does 274 divide 72890842?
False
Is 87 a factor of 337563567?
True
Does 850 divide 91722443?
False
Does 89 divide 405092595?
False
Is 86131913 a multiple of 1391?
False
Does 299 divide 122496518?
False
Does 2 divide 27677862?
True
Is 1391166780 a multiple of 204?
True
Is 10 a factor of 33477488?
False
Does 472 divide 145636980?
False
Is 6 a factor of 294416244?
True
Does 603 divide 133526511?
True
Is 5 a factor of 1104200975?
True
Does 794 divide 170324910?
True
Does 907 divide 212918250?
True
Is 170 a factor of 121375610?
False
Is 15 a factor of 205332675?
True
Is 423483195 a multiple of 476?
False
Is 3 a factor of 14457506?
False
Is 1054 a factor of 22802236?
True
Is 762961305 a multiple of 93?
True
Does 14 divide 1476519352?
True
Is 134 a factor of 3691308?
False
Does 5 divide 9472880?
True
Does 16 divide 146363280?
True
Does 141 divide 2046598926?
True
Is 44459599 a multiple of 116?
False
Does 9 divide 23582314?
False
Does 1800 divide 73830600?
True
Is 255 a factor of 17373178?
False
Is 5 a factor of 285793?
False
Is 48501099 a multiple of 243?
True
Is 98 a factor of 64624924?
True
Is 1250 a factor of 635488750?
True
Is 134457792 a multiple of 21?
True
Does 1150 divide 72662230?
False
Does 156 divide 69667260?
True
Is 3204834160 a multiple of 22?
True
Does 7086 divide 2686032949?
False
Does 338 divide 24250585?
False
Is 2118 a factor of 108119664?
True
Is 1360 a factor of 287438679?
False
Is 12674995 a multiple of 55?
False
Does 10 divide 2104550?
True
Is 118 a factor of 30444000?
True
Is 29583858 a multiple of 1643?
True
Is 68439987 a multiple of 974?
False
Is 142310275 a multiple of 244?
False
Is 26763495 a multiple of 1419?
False
Is 68 a factor 